ppose 2*d = -b + 105. What is the tens digit of d?
4
Suppose 2*f = -2*f + 5*y + 2980, -4*f = -2*y - 2992. What is the tens digit of f?
5
What is the units digit of (3*4/(-18))/(56/(-41916))?
9
Suppose -4*p = -23 + 3. Let f(l) = l**3 - 4*l**2 - 3*l - 2. Let s be f(p). What is the tens digit of ((-56)/6)/(s/(-36))?
4
Let p = 4500 + 21. What is the tens digit of p?
2
Suppose -2*t + 3535 + 1569 = 0. What is the units digit of t/20 - 6/45*-3?
8
Let w(c) = c**3 - 14*c**2 + 18*c. Let g be w(13). Let f = g - -25. What is the tens digit of f?
9
Let a(w) = 42*w**3 - 2*w + 3*w - 4*w**3 + w**2 - 1. Let g = 124 + -123. What is the tens digit of a(g)?
3
Suppose -5*g + 774 = -3*q - 926, 3*g - q = 1020. What is the hundreds digit of g?
3
Suppose 0 = 5*h - 5*z - 5, -3*h = 2*z - 0*z - 13. Let a = 16 - 7. Suppose -a = -h*w + 18. What is the units digit of w?
9
Let d = -10 - -20. Let j = 8 + d. Suppose 0 = -4*i + j + 10. What is the units digit of i?
7
Suppose 54*t - 210256 = 29774. What is the hundreds digit of t?
4
Let k(q) = 14*q + 1. Let m(x) = x**2 + 4*x. Let d be m(-4). Suppose -u + d = -1. What is the units digit of k(u)?
5
Let i = 358 - 620. Let j = -169 - i. Suppose -6*c - 15 = -j. What is the units digit of c?
3
Let q(r) = -r**3 + r**2 - 2*r + 15. Let m be q(0). What is the tens digit of ((-204)/(-30))/(6/m)?
1
Suppose 7982 + 8238 = 20*s. What is the hundreds digit of s?
8
Let g be 0 + (-28)/(-6) - 4/6. Suppose -405 = -g*r + 123. What is the units digit of r?
2
Let y = -69 - -844. What is the units digit of y?
5
Suppose -28*v - 41 + 293 = 0. What is the units digit of v?
9
Suppose 4*n = -2*f - 9 + 39, n - f = 0. Suppose -4*z + 0*z + 291 = t, n*z - 375 = -5*t. What is the tens digit of z?
7
Let y(i) be the third derivative of 7*i**4/12 - 11*i**3/6 - 8*i**2. What is the units digit of y(6)?
3
Let r = -35 + 63. Suppose 174 = r*j - 26*j. What is the units digit of j?
7
What is the units digit of (1 + 358/(-4))*(-224)/168?
8
Suppose c = 9 + 1. Let g = 12 + -7. Suppose -c - 5 = -g*z. What is the units digit of z?
3
Let o(l) = 4*l**2 + 11*l - 22. What is the units digit of o(8)?
2
Let s be -36*(14/(-6) - -1). Let z = -33 + s. Suppose -4*k + z = -29. What is the tens digit of k?
1
Let u(l) = 191*l**3 + l**2 - 3*l - 1. Let v(b) = b**3 - b. Let a(m) = -u(m) + v(m). What is the units digit of a(-1)?
8
Let m be 5/(-1)*(2 + -3). Suppose m*h + 4*k = k + 273, 3 = 3*k. Suppose d + 2*d = h. What is the tens digit of d?
1
Let r = -70 + 49. Let m be ((-66)/(-4) - 1)*2. Let d = m - r. What is the tens digit of d?
5
Let o(k) = k**3 - 6*k**2 - 5*k - 10. Let a be o(7). Suppose -1217 = -a*p - 337. Suppose 6*j - j - p = 0. What is the tens digit of j?
4
Let a(z) = z**2 + 8*z + 6. Let l = -38 + 27. What is the units digit of a(l)?
9
Let j = 63 - 24. Suppose -4*m + 2*a = a + j, -m - 3*a = 0. Let n = 18 + m. What is the units digit of n?
9
Let f be 6/(-2) + 6 - 4. What is the units digit of f/(-3)*(30/(-6) + 14)?
3
Let z(v) be the first derivative of 2*v**3/3 - 3*v**2/2 - 4*v - 16. What is the hundreds digit of z(10)?
1
Suppose 3*n - 8*n + 14180 = -3*l, -l - 5672 = -2*n. What is the thousands digit of n?
2
Let i(b) = b - 10. Let n be 3/9*(6 - 6). Let o be i(n). What is the units digit of (26/o)/(2/(-10))?
3
Suppose 0 = 5*b - 164 - 401. What is the tens digit of b/1 - -2 - (8 + -7)?
1
Suppose 4*k + 4*q = 4, 3*q - 1 = -k - 4. Let j be (-3 - 0) + 9 - k. Suppose u - 2*w = 63 - 3, -j*u + 4*w + 178 = 0. What is the units digit of u?
8
Suppose 3*c = 5*c. Suppose 0 = -5*u - c + 20. Suppose 0 = 6*j - u*j - 16. What is the units digit of j?
8
Suppose -3*m = 2*j - 4071, 5*m - 10170 = j - 6*j. What is the tens digit of j?
3
Suppose 253 = 3*x + f, -3*x + f - 60 = -305. What is the units digit of x?
3
What is the hundreds digit of 2/(-9 - 34499/(-3833))?
8
Suppose 0 = -4*k + 3*j + 11315, -3*j - 8484 = -20*k + 17*k. What is the tens digit of k?
3
Suppose -17 = -5*n + 3. Let q be 0*-2*n/(-16). Suppose t + 70 = 2*c + 15, q = -4*t - 4. What is the units digit of c?
7
Let t be ((-472)/(-5))/((-1)/5). What is the tens digit of (1/(-2))/((14/t)/7)?
1
Suppose -3*g = -3*g - 3*g. Suppose g = -4*d + 72 + 128. What is the tens digit of d?
5
Suppose 0 = 4*d + 3*p - 846 - 557, 5*d + 3*p - 1750 = 0. Let n = -155 + d. What is the units digit of n?
2
Suppose -2*v + 7*r - 11*r + 1044 = 0, -4*v - 2*r = -2094. What is the units digit of v?
4
Suppose -2*k + 6*u = 8*u - 34, -3*k - 5*u + 55 = 0. Let p(v) = -5*v + 1. Let n be p(1). Let z = k - n. What is the units digit of z?
9
Let j = 0 + 10. Suppose 2*r - 224 = j. Suppose 0 = -0*t + 3*t - r. What is the units digit of t?
9
Let u(q) be the first derivative of q**4/4 + 13*q**3/3 - 4*q**2 - 2*q + 23. What is the tens digit of u(-13)?
0
Let c = 7962 + -4559. What is the tens digit of c?
0
Suppose 167 = 6*n - 151. What is the tens digit of 3*((n - -1) + 5)?
7
Let l(k) = k**2 + 6*k - 2. Let t(f) = -53*f. Let r be t(-1). Suppose 4*i + 32 = -u, -3*i + 2*u - r = 2*i. What is the units digit of l(i)?
5
Suppose -g = 2*g - 75. Let c be (-14)/(5/(g/5)). What is the units digit of (-6)/21 - 396/c?
8
Suppose 9*v - 3*v - 186 = 0. Let u = 124 - v. What is the tens digit of u?
9
What is the hundreds digit of (-24)/(-28)*(5 + 394)?
3
Let o(a) = -7*a - 8*a + 12*a - 19*a - 2 + 0*a. Let f = -6 - -4. What is the tens digit of o(f)?
4
Suppose -553 = -7*p + 2149. What is the tens digit of p?
8
Suppose 0 = 3*l + 2*a - 31, 21 = -4*l - 2*a + 61. Suppose 253 = l*p - 431. What is the units digit of p?
6
Let x(d) = -d. Let l be x(-5). Let t be (-1)/2*(l - 5). Suppose -2*j = -20 - t. What is the units digit of j?
0
Let r = -2158 - -5306. What is the units digit of r?
8
Let w(t) = -t**2 + 7*t - 11. Let v be w(5). Let f be 0/(-2 - (v + 0)). Suppose -5*n = 2*p + 5, 5*n - 5*p = -f*p + 30. What is the units digit of n?
1
Let z = 37 + 47. Suppose 0*l - l + 81 = 0. Suppose -z = -4*x - 0*g - 4*g, 5*x - g = l. What is the tens digit of x?
1
Let o(t) = -65*t - 171. What is the hundreds digit of o(-17)?
9
Let i(m) = 11*m**2 - 41*m - 26. What is the tens digit of i(12)?
6
Let u(i) = 20*i**2 - 13*i - 48. What is the tens digit of u(-4)?
2
Let t = -162 - -331. What is the units digit of t?
9
Let j(i) = i**2 - 6*i + 2. Let o be j(6). Suppose 4*f + 4*y - 45 = -y, 0 = -3*y + 15. Suppose -o*r + f*q = r - 37, r - 11 = 2*q. What is the tens digit of r?
1
Suppose -5*f = -5*r + 10030, 0*r + f - 4027 = -2*r. What is the hundreds digit of r?
0
What is the units digit of (-141)/((-8)/8*(1 + 0))?
1
Let u(q) = -q**3 + 6*q**2 - 7*q + 6. Let z be u(4). Let b(m) = m + 34. Let n be b(19). Let v = n + z. What is the tens digit of v?
6
Let u(k) = 26*k + 2. Suppose 12 = 4*a - 2*w, -a + 4*w - 1 = 2*a. What is the tens digit of u(a)?
3
Let n(m) be the third derivative of 3*m**4/4 + 16*m**2. What is the units digit of n(4)?
2
Suppose -r + 376 = -5*k - 224, 3*r - 120 = k. Let g = 177 + k. Let b = g + -36. What is the units digit of b?
1
Let x(i) = 2*i**2 + 36*i + 24. Let o(v) = 6*v**2 + 109*v + 71. Let h(u) = -3*o(u) + 8*x(u). What is the tens digit of h(-18)?
3
Suppose 4*r = -2*w + 5720, 3808 = 4*r - 2*w - 1912. What is the units digit of r?
0
Let k = -73 - -508. What is the hundreds digit of k?
4
Suppose -4*j + 41 - 33 = 0. Suppose -g + 220 = -5*l, -g + j*l = -4*g + 592. What is the units digit of g?
0
Let u(w) be the third derivative of w**5/60 + 2*w**4/3 + 11*w**3/3 - w**2. What is the units digit of u(-18)?
8
Let r(c) = -c**2 + 2*c - 7. Let n be r(0). Let i = n - -34. What is the units digit of i?
7
Let v(n) = 6*n**3 - 2*n**2 - n + 2. Let o be v(1). Suppose -o*p = -189 - 141. What is the units digit of p?
6
Let f = 377 - 77. What is the units digit of f?
0
Suppose 0 = -7*h + 10*h + 6. Let x = -1 + 5. Let f = x + h. What is the units digit of f?
2
What is the tens digit of (-847)/(-3)*(-3 - -4 - -5)?
9
Suppose -5*s - p = -938 - 925, -3*s = -2*p - 1110. What is the units digit of s?
2
Let s be 8 - (-4 - (-1 + -3)). What is the units digit of (6/s)/((-13)/(-624))?
6
Suppose -3*u + 22*u = 9633. What is the units digit of u?
7
Let d = -50 - -5. Let m = d + 49. What is the units digit of m?
4
Suppose 0 = 3*j + 26 - 8. Let h be 1/(-2) - (-21)/j. Let t = h + 11. What is the units digit of t?
7
Suppose 0 = -17*k + 12*k - 10. What is 